{"id":136,"date":"2026-04-08T12:47:42","date_gmt":"2026-04-08T12:47:42","guid":{"rendered":"https:\/\/jovial-gagarin.217-160-170-94.plesk.page\/?page_id=136"},"modified":"2026-04-09T05:28:32","modified_gmt":"2026-04-09T03:28:32","slug":"starkenkurse","status":"publish","type":"page","link":"https:\/\/jovial-gagarin.217-160-170-94.plesk.page\/index.php\/starkenkurse\/","title":{"rendered":"St\u00e4rkenkurse"},"content":{"rendered":"\n<p>f\u00fcr Vorschulkinder &amp; 1. Klasse und Grundschulkinder ab der 2. Klasse\u00a0<\/p>\n\n\n\n<p>Willkommen sind alle Kinder!<\/p>\n\n\n\n<p>Unabh\u00e4ngig davon, welcher Kindergarten \/ welche Schule besucht werden und&nbsp;welche F\u00e4higkeiten und Fertigkeiten mitgebracht werden!&nbsp;<\/p>\n\n\n\n<p><strong>In meinen Kursen und Workshops\u00a0steht die ganzheitliche F\u00f6rderung der kindlichen Pers\u00f6nlichkeit im Mittelpunkt.<\/strong><br>Gemeinsam mit den Kindern arbeite ich daran, ihre\u00a0<strong>Ich-Kompetenz<\/strong>\u00a0zu st\u00e4rken \u2013 das hei\u00dft, ihr Selbstwertgef\u00fchl, ihre Selbstwahrnehmung und eine positive innere Haltung weiterzuentwickeln. Die Kinder lernen, sich selbst mit Wertsch\u00e4tzung und Achtsamkeit zu begegnen und entdecken dabei ihre eigenen Ressourcen und St\u00e4rken.<br><\/p>\n\n\n\n<p>Durch eine&nbsp;<strong>Methodenvielfalt<\/strong>&nbsp;aus alltagsnahen \u00dcbungen erhalten die Kinder eine \u201eSchatzkiste\u201c an Handlungsstrategien, die sie in herausfordernden Situationen des Alltags unterst\u00fctzen. Ziel ist es, die&nbsp;<strong>Resilienz<\/strong>&nbsp;der Kinder zu f\u00f6rdern, also ihre F\u00e4higkeit, mit Stress, Angst oder Ver\u00e4nderungen konstruktiv umzugehen.<\/p>\n\n\n\n<p>In achtsam gestalteten Einheiten erhalten die Kinder Impulse aus den Bereichen&nbsp;<strong>Atemp\u00e4dagogik, Entspannungsp\u00e4dagogik<\/strong>&nbsp;und&nbsp;<strong>Bewegungsf\u00f6rderung<\/strong>. Sie erfahren, wie bewusstes Ruhen, gezielte Bewegungsformen und einfache Atemtechniken zur Selbstregulation beitragen k\u00f6nnen.<\/p>\n\n\n\n<p>Ein weiterer Schwerpunkt liegt auf der&nbsp;<strong>sozialen Kompetenzf\u00f6rderung<\/strong>. Durch kooperative Gruppen- und Teamspiele wird das Miteinander gest\u00e4rkt und die Kinder erleben, wie wertvoll gegenseitige Unterst\u00fctzung und gemeinsames Handeln sind.<\/p>\n\n\n\n<p>Abgerundet wird jede Stunde durch kreative Gestaltungsangebote und lustige Bewegungsspiele, die nicht nur die Fantasie anregen, sondern auch die Freude am gemeinsamen Tun f\u00f6rdern.&nbsp;<strong>Eine positive Lernatmosph\u00e4re, Humor und Begeisterung begleiten uns dabei durch jede Einheit.<\/strong><\/p>\n\n\n\n<figure class=\"wp-block-image aligncenter size-full\"><img loading=\"lazy\" decoding=\"async\" width=\"450\" height=\"600\" src=\"https:\/\/jovial-gagarin.217-160-170-94.plesk.page\/wp-content\/uploads\/2026\/04\/Staerkenkurse.webp\" alt=\"\" class=\"wp-image-183\" srcset=\"https:\/\/jovial-gagarin.217-160-170-94.plesk.page\/wp-content\/uploads\/2026\/04\/Staerkenkurse.webp 450w, https:\/\/jovial-gagarin.217-160-170-94.plesk.page\/wp-content\/uploads\/2026\/04\/Staerkenkurse-225x300.webp 225w\" sizes=\"auto, (max-width: 450px) 100vw, 450px\" \/><\/figure>\n\n\n\n<div style=\"height:55px\" aria-hidden=\"true\" class=\"wp-block-spacer\"><\/div>\n\n\n\n<div class=\"wp-block-cover alignfull has-parallax wp-duotone-094850-rgb89234214-2\" style=\"margin-top:0;padding-top:48px;padding-right:48px;padding-bottom:48px;padding-left:48px;min-height:411px;aspect-ratio:unset;\"><div class=\"wp-block-cover__image-background wp-image-184 size-full has-parallax\" style=\"background-position:50% 50%;background-image:url(https:\/\/jovial-gagarin.217-160-170-94.plesk.page\/wp-content\/uploads\/2026\/04\/staerken-kurs-decke.webp)\"><\/div><span aria-hidden=\"true\" class=\"wp-block-cover__background has-background-dim-30 has-background-dim\" style=\"background-color:#6b7c80\"><\/span><div class=\"wp-block-cover__inner-container is-layout-flow wp-block-cover-is-layout-flow\">\n<div class=\"wp-block-group has-global-padding is-content-justification-left is-layout-constrained wp-container-core-group-is-layout-0b562c1c wp-block-group-is-layout-constrained\">\n<h2 class=\"wp-block-heading has-text-align-left has-white-color has-text-color\" style=\"font-size:clamp(50.171px, 3.136rem + ((1vw - 3.2px) * 6.388), 100px);font-style:normal;font-weight:700;letter-spacing:0px;line-height:1;text-transform:uppercase\">Termine<\/h2>\n\n\n\n<p class=\"has-white-color has-text-color has-link-color wp-elements-e8f0888cc24ae67ce0055ba52208f229\">Auf die Warteliste setzen lassen. Bei gen\u00fcgend Kindern findet ein Kurs statt.<\/p>\n<\/div>\n\n\n\n<div style=\"height:72px\" aria-hidden=\"true\" class=\"wp-block-spacer\"><\/div>\n\n\n\n<div class=\"wp-block-buttons is-content-justification-left is-nowrap is-layout-flex wp-container-core-buttons-is-layout-92e17da2 wp-block-buttons-is-layout-flex\">\n<div class=\"wp-block-button is-style-outline is-style-outline--1\"><a class=\"wp-block-button__link has-white-color has-text-color has-custom-font-size wp-element-button\" style=\"padding-top:24px;padding-right:48px;padding-bottom:24px;padding-left:48px;font-size:clamp(14px, 0.875rem + ((1vw - 3.2px) * 0.256), 16px);font-style:normal;font-weight:600;letter-spacing:0px;text-transform:uppercase\">Jetzt buchen<\/a><\/div>\n<\/div>\n<\/div><\/div>\n\n\n\n<h2 class=\"wp-block-heading\">Workshops&nbsp;<\/h2>\n\n\n\n<p>Gef\u00fchle Grenzen &amp; starke Beziehungen<\/p>\n\n\n\n<h3 class=\"wp-block-heading\">Spielerisch stark f\u00fcrs Leben \u2013 auch privat buchbar ab 5 Kindern<\/h3>\n\n\n\n<p>Meine Themenworkshops unterst\u00fctzen Kinder dabei, ihre Gef\u00fchle zu verstehen, eigene Grenzen wahrzunehmen und soziale Konflikte besser zu l\u00f6sen. Auf kindgerechte Weise st\u00e4rke ich Selbstbewusstsein, Empathie und Resilienz \u2013 wichtige F\u00e4higkeiten f\u00fcr ein gesundes Miteinander.<\/p>\n\n\n\n<h3 class=\"wp-block-heading\"><strong>Meine Workshop-Themen<\/strong><\/h3>\n\n\n\n<p>\ud83d\udc9b&nbsp;<strong>Meine Gef\u00fchle<\/strong><br>Wie f\u00fchlen sich Wut, Trauer, Freude oder Angst an? Emotionen erkennen &#8211; benennen und mit ihnen umgehen.<\/p>\n\n\n\n<p>\ud83d\udd75\ufe0f&nbsp;<strong>Gute Geheimnisse \u2013 schlechte Geheimnisse<\/strong><br>Kinder lernen spielerisch, wann es wichtig ist, etwas zu erz\u00e4hlen \u2013 und dass sie immer das Recht haben, Hilfe zu holen.<\/p>\n\n\n\n<p>\ud83e\uddcd\u200d\u2640\ufe0f&nbsp;<strong>Mein K\u00f6rper geh\u00f6rt mir<\/strong><br>Einf\u00fchlsam sprechen wir \u00fcber k\u00f6rperliche Selbstbestimmung, \u201eNein\u201c-Sagen und pers\u00f6nliche Grenzen.<\/p>\n\n\n\n<p>\ud83d\udde3\ufe0f&nbsp;<strong>Herzenssprache \u2013 Gewaltfreie Kommunikation<\/strong><br>Die Grundlagen der einf\u00fchlsamen Sprache, kindgerecht vermittelt.<\/p>\n\n\n\n<p>\ud83e\udd1d&nbsp;<strong>Sich streiten &amp; wieder vertragen<\/strong><br>Streit geh\u00f6rt dazu \u2013 faire L\u00f6sungen finden und wieder zueinander finden.<\/p>\n\n\n\n<hr class=\"wp-block-separator has-alpha-channel-opacity\"\/>\n\n\n\n<div style=\"height:45px\" aria-hidden=\"true\" class=\"wp-block-spacer\"><\/div>\n\n\n\n<h3 class=\"wp-block-heading\"><strong>F\u00fcr wen sind die Workshops geeignet?<\/strong><\/h3>\n\n\n\n<ul class=\"wp-block-list\">\n<li>Kinder im Alter von ca. 5 bis 10 Jahren<\/li>\n\n\n\n<li>Ideal f\u00fcr Schulen, Kitas, Vereine oder privat im Freundeskreis<\/li>\n\n\n\n<li>Auch buchbar f\u00fcr Kindergeburtstage oder besondere Anl\u00e4sse<\/li>\n\n\n\n<li><strong>Bereits ab 5 Kindern m\u00f6glich<\/strong><\/li>\n<\/ul>\n","protected":false},"excerpt":{"rendered":"<p>f\u00fcr Vorschulkinder &amp; 1. Klasse und Grundschulkinder ab der 2. Klasse\u00a0 Willkommen sind alle Kinder! Unabh\u00e4ngig davon, welcher Kindergarten \/ welche Schule besucht werden und&nbsp;welche F\u00e4higkeiten und Fertigkeiten mitgebracht werden!&nbsp; In meinen Kursen und Workshops\u00a0steht die ganzheitliche F\u00f6rderung der kindlichen Pers\u00f6nlichkeit im Mittelpunkt.Gemeinsam mit den Kindern arbeite ich daran, ihre\u00a0Ich-Kompetenz\u00a0zu st\u00e4rken \u2013 das hei\u00dft, ihr [&hellip;]<\/p>\n","protected":false},"author":1,"featured_media":186,"parent":0,"menu_order":0,"comment_status":"closed","ping_status":"closed","template":"","meta":{"footnotes":""},"class_list":["post-136","page","type-page","status-publish","has-post-thumbnail","hentry"],"_links":{"self":[{"href":"https:\/\/jovial-gagarin.217-160-170-94.plesk.page\/index.php\/wp-json\/wp\/v2\/pages\/136","targetHints":{"allow":["GET"]}}],"collection":[{"href":"https:\/\/jovial-gagarin.217-160-170-94.plesk.page\/index.php\/wp-json\/wp\/v2\/pages"}],"about":[{"href":"https:\/\/jovial-gagarin.217-160-170-94.plesk.page\/index.php\/wp-json\/wp\/v2\/types\/page"}],"author":[{"embeddable":true,"href":"https:\/\/jovial-gagarin.217-160-170-94.plesk.page\/index.php\/wp-json\/wp\/v2\/users\/1"}],"replies":[{"embeddable":true,"href":"https:\/\/jovial-gagarin.217-160-170-94.plesk.page\/index.php\/wp-json\/wp\/v2\/comments?post=136"}],"version-history":[{"count":3,"href":"https:\/\/jovial-gagarin.217-160-170-94.plesk.page\/index.php\/wp-json\/wp\/v2\/pages\/136\/revisions"}],"predecessor-version":[{"id":185,"href":"https:\/\/jovial-gagarin.217-160-170-94.plesk.page\/index.php\/wp-json\/wp\/v2\/pages\/136\/revisions\/185"}],"wp:featuredmedia":[{"embeddable":true,"href":"https:\/\/jovial-gagarin.217-160-170-94.plesk.page\/index.php\/wp-json\/wp\/v2\/media\/186"}],"wp:attachment":[{"href":"https:\/\/jovial-gagarin.217-160-170-94.plesk.page\/index.php\/wp-json\/wp\/v2\/media?parent=136"}],"curies":[{"name":"wp","href":"https:\/\/api.w.org\/{rel}","templated":true}]}}